Suppose s = -5*t + f, -3*s + 15 = 3*t - 0*t. What are the prime factors of t?
2, 3
Let y = 15 - 16. List the prime factors of -10*(0 + y + -3).
2, 5
Suppose -2 = -l - 0. Suppose 0 = 2*a + 6, -l*a - 49 = -4*c - 7*a. Let u = -10 + c. What are the prime factors of u?
2, 3
Let y(r) = r**2 + 7*r + 7. Let g be y(-6). Let u(s) = 20*s. Let w be u(g). Suppose -4*h - w = -9*h. What are the prime factors of h?
2
Let n(h) = 15*h - 15. Let g(p) = -5*p + 5. Let w(j) = -17*g(j) - 6*n(j). Let m be w(-4). Suppose -4*d = -2*d + 4, -3*t = d - m. List the prime factors of t.
3
Let k(n) = 2*n**2 - 7*n + 11. List the prime factors of k(5).
2, 13
Suppose -n + 8 = 1. Suppose 8*z - 32 = n*z. List the prime factors of z.
2
Let q(p) = 1 - 5*p + 3 - 4*p + p**2 + 3. Let b be q(9). Suppose 0*i - b = -i. List the prime factors of i.
7
Let i(y) be the first derivative of -5*y**2/2 - 4*y + 3. What are the prime factors of i(-3)?
11
Let o(h) = h**2 + 8*h + 12. What are the prime factors of o(-11)?
3, 5
Suppose 30 = 3*q - 3*i, 3*i - 20 = -2*q + 15. Let h be 2/(-8) - 135/(-12). Suppose -4*s = -h - q. What are the prime factors of s?
2, 3
Let h be (1 + 4/(-3))*0. Suppose h = -4*f + 2*s + 2, -2*s + 7 = 4*f - 3*s. Suppose 34 = -o + f*o. List the prime factors of o.
17
Suppose 5*o = 15, 19 = 4*l + 2*o - 27. What are the prime factors of l/(-3 + (-21)/(-6))?
2, 5
Let b(x) = -x**2 - 5*x - 7. Let c be b(-5). Let n = 18 + c. List the prime factors of n.
11
Let u(k) be the third derivative of -k**5/60 - k**4/12 + 5*k**3/3 - 6*k**2. List the prime factors of u(0).
2, 5
Let r(w) = -w**2 - 1. Let i be r(0). Let m be (i - -2)/((-1)/3). List the prime factors of (14/m)/(8/(-12)).
7
Let x be (-608)/28 + (-6)/21. Let i = -5 - x. List the prime factors of i.
17
Suppose 5*d = -h + 282, h + 2*d + 931 = 4*h. What are the prime factors of h?
307
Let w = 9 + -5. Suppose 0*a - 4*a = 4, 0 = -4*d - w*a - 12. Let p = 7 - d. List the prime factors of p.
3
Suppose 0 = -c - 0*g - g - 2, -3*c = g + 10. List the prime factors of c/(-2)*12/12.
2
Let g(d) = d**3 + 2*d**2 - 7*d + 5. What are the prime factors of g(4)?
73
Let b be (38/6)/(5/(-15)). Let j = b - -29. What are the prime factors of j?
2, 5
Let n = 11 + -9. What are the prime factors of n?
2
Suppose 22 = 2*w + 2*s - 28, -4*s = 3*w - 80. Suppose 4*n = w + 8. What are the prime factors of n?
7
Suppose 0 = -f - 3*l + 41, -3*l + 131 + 38 = 5*f. List the prime factors of f.
2
Let h = -59 - -102. List the prime factors of h.
43
Let w(y) = y**2 + 3*y - 1. Let h be w(-3). Suppose -4*z + 11 = -4*x + 3*x, 5*z = -x + 16. List the prime factors of (3*-3)/h*x.
3
Suppose -2*u = -4*z + 7*z - 47, 5*u = 5*z - 120. Suppose 17 + z = 4*o. What are the prime factors of o?
3
Let u(t) = -2*t**2 + 10*t. Let v(j) = -5*j**2 + 19*j - 1. Let h(o) = -7*u(o) + 3*v(o). List the prime factors of h(-12).
3
Let b = 111 - 65. What are the prime factors of b?
2, 23
Suppose 48 = -2*c + 5*c. What are the prime factors of c?
2
Let l = 6 - 2. Suppose -s - 32 + 7 = -l*z, 0 = 4*s + 20. Suppose 2*c + 9 = z*c. What are the prime factors of c?
3
Let y(b) be the first derivative of b**3/3 + 3*b**2/2 - 7*b - 2. List the prime factors of y(-7).
3, 7
Suppose -2*w = w. Let x(d) be the second derivative of -d**3/6 + 7*d**2 + 2*d. What are the prime factors of x(w)?
2, 7
Let m be (-4)/((6/20)/(-3)). Let y = m + -5. List the prime factors of y.
5, 7
Let q(k) = -k**2 + 9*k - 7. Let p be q(5). What are the prime factors of 2/p - (-958)/26?
37
List the prime factors of 4/(-10) - (-9464)/35.
2, 3, 5
Let w = -9 + 4. Let b(p) = -11*p - 7. Let f be b(w). Suppose -t = -5*t + f. List the prime factors of t.
2, 3
Let m(n) be the second derivative of -n**3/6 - 3*n**2/2 + 2*n. Let h be m(0). What are the prime factors of (-2)/h - (-28)/3?
2, 5
Let b = 7 + -1. List the prime factors of b.
2, 3
Let l = 7 - 5. Suppose -l*t = -t - 3. List the prime factors of t.
3
Suppose 8*f = 503 + 289. List the prime factors of f.
3, 11
Suppose -2*r = -7*r - 2*q + 32, 0 = r - 3*q - 20. Suppose 2*u + 0 = r. Suppose -8 = -0*w - u*w. List the prime factors of w.
2
Let s(f) = f**2 - 4*f + 3. Let k be s(2). Let z = -19 - -9. Let i = k - z. What are the prime factors of i?
3
Let p = 82 - 52. Suppose -4*b = -7*b + p. What are the prime factors of b?
2, 5
Let q = -4 + 7. Let w be (2/q)/(6/27). Suppose w*j = -j + 32. What are the prime factors of j?
2
What are the prime factors of 156/(-2)*(-3)/9?
2, 13
Let v(h) = h**2 - 7*h + 1. Let s be v(7). Let n(u) = -4*u**3. Let y be n(s). List the prime factors of y/6*18/(-4).
3
Suppose 3*f + 110 = y, 5*f + 314 = 5*y - 2*y. List the prime factors of y.
2, 7
Let t be (-2)/8 + (-9)/(-4). Suppose i + t*i = 2*a, 4*i = 5*a. Suppose -x + a*x = -8. List the prime factors of x.
2
Let t(j) = j**3 - j**2 + j + 8. Let g(c) = -5*c**2 + 6*c - 1. Let m(h) = -h**2 + h. Let p(i) = g(i) - 4*m(i). Let a be p(1). What are the prime factors of t(a)?
2
List the prime factors of (2 + -1)/(2/34).
17
Suppose 0 = -4*y - 0*y - 2*n + 8, -3*n - 15 = -3*y. Let q(s) = -s + 8. Let i be q(8). Suppose i = -2*m + y + 11. List the prime factors of m.
7
Let c = -1 - 5. Let k(v) = 2*v**2 + 9*v + 5. What are the prime factors of k(c)?
23
Suppose x - 43 = 18. What are the prime factors of x?
61
Let n be (6 + -2 - 3)*8. Suppose 2*f - 4*f + n = 0. What are the prime factors of f*(1 + (-30)/(-8))?
19
Let t(p) = -p**2 - 10*p - 7. Let f be 1 + 0 + -1 + 40. Suppose 0*d - f = 5*d. List the prime factors of t(d).
3
Let s(u) = u + 2*u - 5*u. What are the prime factors of s(-1)?
2
Suppose 4*n - 6 - 2 = 0. List the prime factors of n/10 + 208/10.
3, 7
Suppose 0 = -4*t - 5 + 49. Let f = -109 + 137. Let y = f - t. What are the prime factors of y?
17
Suppose -4*w + 5*k = -44 - 108, -4*w = -k - 168. What are the prime factors of w?
43
Suppose -4*m - 24 = -120. List the prime factors of m.
2, 3
Let j = -6 + 4. Let i = 1 - j. Suppose -46 + 13 = -i*o. What are the prime factors of o?
11
Let y(n) = -17*n + 3. List the prime factors of y(-4).
71
Suppose 5*o + 48 = -5*n + 3, 4*o - 3*n = -29. Let w(q) = q + 8. Let c be w(o). Suppose c = -4*g + g + 30. What are the prime factors of g?
2, 5
Let f be ((-6)/(-1))/(6/4). Let c be 4 + 3*f/6. Suppose -c = -k + 3*v, 4*k = -k + v + 58. What are the prime factors of k?
2, 3
Let g(c) = -c. Let q(b) = 4 - 1 + 3*b - 6 + 4. Let o(v) = 8*g(v) + 3*q(v). What are the prime factors of o(3)?
2, 3
Let d = -46 - -113. What are the prime factors of d?
67
Let p(i) = -3*i - 5. Let t(n) = -n**2 + 1. Let r be t(3). What are the prime factors of p(r)?
19
Suppose 3*t = -5*k - 6, 2*t - 3*k = 2 - 25. Let i = 10 + t. Suppose -i = -n - 1. What are the prime factors of n?
2
Let b be (-5)/(2*(-2)/4). Suppose -4*n + 15 = 5*q - 130, 2*q = -b*n + 75. What are the prime factors of q?
5
Let c = 77 - 42. List the prime factors of c.
5, 7
Let f = -121 + 192. List the prime factors of f.
71
Let q = 98 + -28. List the prime factors of q.
2, 5, 7
Let j = 158 - 37. What are the prime factors of j?
11
Let d(s) = -s**3 - 5*s**2. Let r be d(-5). List the prime factors of r - ((-39 - 0) + 2).
37
Let j(x) = 8 + x**2 + 4 - 3 - 8*x. Let h be j(7). Suppose -50 = -5*w - h*a, -w + 4*a + 10 = 3*a. What are the prime factors of w?
2, 5
Suppose 6*n = n + 305. Let i = 109 - n. Let k = i + -28. What are the prime factors of k?
2, 5
Let d(n) = 9*n**3 - n. What are the prime factors of d(1)?
2
Suppose -3*z + 8*z = -3*b - 233, 4*z + 184 = -3*b. List the prime factors of z/(-4) - (-9)/12.
13
Suppose 5 = v - 3. Suppose -v = -3*t - 2. Suppose t*i - 10 = 4. List the prime factors of i.
7
Suppose -3*p + 29 - 2 = 0. Suppose -2*b = -5*b + p. Suppose -2*r + 5*d = -18, 2*r + b*r = 5*d + 30. List the prime factors of r.
2
Suppose 10 = -4*x - 14. Let k = -4 - x. Suppose -k*l = -7*l + 25. What are the prime factors of l?
5
List the prime factors of 31 - (3 - (2 + -1)).
29
Suppose 3*j - 13 = l, -2*l + 16 = -6*l. List the prime factors of -13*(3/j - 2).
13
Suppose f - 2*j + 2 = 0, -2 = f - 0*f + 2*j. Let u = -8 - f. What are the prime factors of (-68)/u - 2/6?
11
Suppose -4*s + 11 = x, -5 = -s - x - 0. Suppose s*j - 50 = -3*j. What are the prime factors of 106/j - (-10)/25?
11
Suppose -2 - 10 = -n. Suppose 3*h + 13 = s, -s - 2*h = -2*s + n. What are the prime factors of s?
2, 5
Let